 q**3 + 5*q**2. Give v(-4).
-7
Let b be (-7 + 3/(-3))/(-2). Suppose -15 = -s + b*s. Let n(a) = a**3 + 6*a**2 + 6*a + 5. Give n(s).
0
Let q = -21 + 19. Let h(d) = -d + 2. Give h(q).
4
Let k(o) = o + 5. Let z = 15 - 19. Calculate k(z).
1
Let n be (-4 - -2)*(-6)/12. Let p(u) = 4*u - 5*u - 4 + 3*u + n. Give p(5).
7
Let p(a) = -a**2 + 6*a + 6. Let g be p(6). Let k(l) = -3 + 7 - 10 + l**3 + g*l - 8*l**2 + 3*l**2. Give k(4).
2
Let p = -54 - -49. Let k(c) be the third derivative of -c**4/12 - 5*c**3/6 - c**2. What is k(p)?
5
Suppose 0 = -2*d - 5*p - 6 - 7, d + 3*p + 9 = 0. Let s(a) = a**2 - 6*a - 4. Calculate s(d).
-4
Suppose -2*u + 0 - 6 = -2*q, -2*q + 8 = -4*u. Let p(z) = -4*z**2 - 2*z - 1. Give p(u).
-3
Let r(u) = -u. Let a(x) = 7*x - 7. Let g(k) = -a(k) - 6*r(k). Let d be g(6). Let s(h) = -h**2 + 1 + 1 - d + 9*h**3. Determine s(-1).
-9
Let u(s) = -s**3 + 5*s**2 - s + 3. Let w(f) = -f**2 - 11*f + 4. Let h be w(-11). Determine u(h).
15
Let d be 15/(-2)*(-72)/(-30). Let i be d/27 - 8/6. Let h(u) = 6*u**3 - 2*u**2 + u - 3. Let n(b) = -5*b**3 + b**2 - b + 2. Let a(o) = 4*h(o) + 5*n(o). Give a(i).
-4
Let a(l) be the second derivative of l**3/6 - 4*l**2 + 9*l. Calculate a(9).
1
Let x(n) = n**3 + 7*n**2. Let m = -6 - 1. Determine x(m).
0
Let g(l) be the first derivative of l**4/4 - 2*l**3 + 4*l**2 - 5*l + 31. Calculate g(5).
10
Suppose q - 1 = 2. Let w(p) = -2 - p - p**3 + 5*p**2 - 2*p**q + 2*p**3. What is w(5)?
-7
Let a(h) be the third derivative of 0 + 0*h - 1/6*h**3 - 2/15*h**5 + 1/12*h**4 - h**2. Give a(1).
-7
Let m(s) be the first derivative of -s + 1/2*s**2 + 1. Calculate m(0).
-1
Let u be (-2)/10 - 33/(-15). Let b(y) = y**2 + 1. Let m be b(-1). Let j(f) = 2*f**2 - 1 + f**m - 2*f**2. What is j(u)?
3
Let q(g) = g + 3. Let i = 61 - 68. Determine q(i).
-4
Suppose 3*v + 0*v = 30. Let l = v - 7. Let m(n) = n + 2. Let a(b) = 6*b + 9. Let i(h) = 2*a(h) - 11*m(h). Give i(l).
-1
Let w(q) = 0*q + 0*q + 3*q - 2*q. Calculate w(5).
5
Let n(c) = 4*c**2 + c. Let p be (-1)/((-15)/7 - -2). Let u be p + (-1 - -1)*-1. Let h = 6 - u. What is n(h)?
3
Let b(w) = -w**2 - 5*w + 6. Suppose -l = 4*k + 33, 3 = -6*k + 2*k + 5*l. Give b(k).
-8
Let p(f) = 7*f**2 + 17*f - 11. Let b(k) = 5*k**2 + 11*k - 7. Let i(z) = -8*b(z) + 5*p(z). Give i(2).
-25
Let l = -9 + 9. Suppose -s - s + 6 = l. Let m(x) = 2*x + 2. Calculate m(s).
8
Suppose 0 = k + 5*o - 7 - 22, 5*k + 2*o - 30 = 0. Let f be (-1 - 0) + (-7)/(-1). Let g(b) = -b**2 + 4 - 3*b + f*b - 2*b. Give g(k).
-8
Let f(t) = t - 5. Let b be f(10). Let o(v) = -4 - 3 + 3 + v. What is o(b)?
1
Let r(o) = -9*o - 1. Let q = 4 + -5. Let j(z) = -z**2 - 9*z - 6. Let d be j(-8). Let n be -2*d/(-4)*q. Give r(n).
8
Let u(o) = 2*o**2 - 2*o. Let s(x) = 1 - x**2 + x + 2 - 4 + 2*x. Let h(m) = 3*s(m) + 2*u(m). Let c be (-60)/14 - (-2)/7. Determine h(c).
-7
Suppose -3*o - v - 3*v - 8 = 0, -2*v + 14 = -3*o. Let n(k) = 2*k**2 + 5*k - 1. Determine n(o).
11
Suppose -p + 2*w + 1 = 0, -5*p - 2*w - 3 + 32 = 0. Let u(r) = p*r**3 - 3*r**3 - r**3 + 2*r + r**2 - 3 + 4*r**2. What is u(-4)?
5
Let w(r) = r**3 + 5*r**2 + 5*r + 2. Let d be w(-4). Let v(m) = 2*m. What is v(d)?
-4
Let z = -3 - -7. Let r = -4 + z. Let s(t) = 1 - t - 3*t**2 + 2 + 2*t**2. Determine s(r).
3
Let f(v) = -v**2 - 7*v + 3. Let h be -2*((-12)/(-28))/(1/7). Give f(h).
9
Suppose 0 = -3*k - 0*k - 6, 3*k + 15 = s. Suppose z - s = 4*z. Let w(m) = -3*m - 3. Determine w(z).
6
Let l(v) = 23*v - 1 - 26*v + 1. Calculate l(-2).
6
Let n(p) be the first derivative of p**2/2 + p + 31. Calculate n(6).
7
Let j(y) = -y**2 + 8*y - 3. Let z = 39 + -34. Determine j(z).
12
Let s(g) be the third derivative of -g**4/12 - g**3/6 - 2*g**2. Suppose 12 - 45 = -11*j. What is s(j)?
-7
Let z(q) = -1. Let y(m) = m**3 + 6*m**2 + 6*m + 6. Let s(v) = -y(v) - 5*z(v). Determine s(-5).
4
Let r(n) = 2 + 28*n - 22*n - 10*n**2 + 9*n**2 + 1. Calculate r(5).
8
Let u(n) = -4 + 0*n + 2 - n. Let g(a) = a**2 - 7*a - 4. Let b be g(7). What is u(b)?
2
Let y(b) = -4*b. Let v(j) = -j**2 - j + 4. Suppose 0*c - 3*c = 9. Let k be v(c). Determine y(k).
8
Let r(v) be the first derivative of v**2/2 - 5*v - 3. What is r(7)?
2
Let p(i) = i. Let k(q) = 4*q + 7. Let z(g) = g**3 + g**2 + 3. Let u be z(0). Let j(h) = u*p(h) - k(h). Suppose 6*f = f. Give j(f).
-7
Let w(o) = 4*o**2 + 1. Let a be w(-1). Let t(s) = -s**3 + 3 + a*s**2 - 3*s + 2*s - 6. What is t(4)?
9
Suppose 11 = 3*u - 1. Suppose 5*o + u*n = 30, 5 + 0 = -5*o + 3*n. Let w(b) = 0*b + 7 - 5*b - 4. Determine w(o).
-7
Let j be (20/12)/(-5)*-15. Let p = -7 + j. Let b(x) = 1 - x + 4*x + x. Calculate b(p).
-7
Let c(z) be the third derivative of -z**6/120 + z**5/15 + z**4/6 + 2*z**3/3 - z**2. Let s = 210 + -205. Calculate c(s).
-1
Let h(w) = -14*w + 38. Let g(x) = 5*x - 13. Let r(p) = 8*g(p) + 3*h(p). Give r(8).
-6
Suppose 4*k + 18 = -l - l, -7 = 3*l + 2*k. Let i = l + -6. Let x(p) = p**2 + 5*p + 1. Calculate x(i).
1
Let c(o) = -o**2 + 7*o - 1. Let k be c(6). Let j = -10 + k. Let p(y) = -2*y - 4. Calculate p(j).
6
Suppose 2*n + n - 6 = 0. Let w = 0 + n. Let v(d) = -d + 1. Calculate v(w).
-1
Let x be 2/(-8) - (-18)/8. Let l(o) be the third derivative of 3*o**2 - 2/3*o**3 + 0 + 0*o + 1/24*o**4. Calculate l(x).
-2
Let x(s) be the second derivative of s**5/60 - s**4/8 - 2*s**3/3 + s**2/2 + s. Let n(m) be the first derivative of x(m). Determine n(4).
0
Let i(u) be the third derivative of 0 + 2*u**2 + 0*u**3 + 0*u + 1/8*u**4. Give i(3).
9
Let s = -6 + 9. Let u = -8 + s. Let v(m) = -3 - 3*m - 4*m + 0*m + 5*m. What is v(u)?
7
Let g(t) be the second derivative of 1/6*t**3 + t + 0*t**2 + 0 - 5/24*t**4 - 1/360*t**6 - 1/24*t**5. Let s(b) be the second derivative of g(b). What is s(-5)?
-5
Let y(k) = -k**3 - 6*k**2 + 3*k + 6. Let x(p) = -p**3 - 5*p**2 + 3*p + 5. Let l(v) = -3*x(v) + 2*y(v). Calculate l(-3).
6
Let i(h) = h**3 - 3*h**2 - 5*h + 6. Suppose 0 = 4*a - 0*m + 2*m - 12, 0 = -4*a - m + 14. Calculate i(a).
2
Let i(j) = j + 3. Suppose 8*t = 3*t + 20, 3*t = z + 6. Determine i(z).
9
Let l(h) = -h**3 + 5*h**2 - h + 1. Suppose -2*k - 3 = 5, -3*z + 3 = 3*k. What is l(z)?
-4
Suppose 0 = 5*r - 3*k + 14, 3 + 3 = -3*k. Let u be r/(-14) + 52/14. Suppose 0 = -4*h + 4 + u. Let o(c) = 2*c + 2. Determine o(h).
6
Let j(i) = i - 6. Let f = -1 + 4. Suppose -f - 2 = r - 5*g, 4*g = 4. Suppose r = z - 4*z. Calculate j(z).
-6
Let k(h) = 7*h + 38. Let f(r) = 8*r + 44. Let n(z) = 6*f(z) - 7*k(z). Suppose 0 = 2*o - 7*o + 30. Suppose -1 = -l - o. Determine n(l).
3
Let u(k) be the first derivative of 1/2*k**2 + 5/2*k**4 + 6 + k + 0*k**3. Give u(-1).
-10
Let n(v) be the first derivative of v**2/2 + 2*v + 6. Suppose -5*g + 3*m - 6 - 13 = 0, -m + 13 = -5*g. Calculate n(g).
0
Let a(h) = -2*h. Let k(c) = 2*c - 1. Suppose 7 + 1 = -4*o. Let u(z) = o*k(z) - 3*a(z). Calculate u(-2).
-2
Suppose 0 = -l + 9 + 3. Suppose 7*j + b + l = 3*j, -24 = 5*j - b. Let w(y) be the first derivative of -y**4/4 - 4*y**3/3 + y**2/2 + 4*y - 1. Give w(j).
0
Let w(n) = -2*n + 1. Let o be w(3). Let t = o - -8. Let d(r) = r**3 - 4*r**2 + 2*r + 3. Give d(t).
0
Let z(y) = 3*y**2 - 11*y - 6. Let i(s) = 2*s**2 - 10*s - 5. Let d(a) = -4*i(a) + 3*z(a). What is d(-5)?
-8
Let a(b) = b**2 - 10*b - 14. Let r(q) = -2*q**2 + 21*q + 29. Let l(v) = -13*a(v) - 6*r(v). Determine l(7).
-13
Let j(f) = -f + 1. Let s(d) = -5*d + 7. Let x(i) = 6*j(i) - s(i). Determine x(8).
-9
Let w(j) = -6*j + 65*j**3 - 64*j**3 + 7*j**2 + 7*j. Give w(-7).
-7
Let p = 1 - 0. Let l(a) = 2*a - 2. Let m be l(11). Let h(q) = -m*q + 8*q + 8*q. Give h(p).
-4
Let b(t) = t**3 - 6*t**2 + 3*t - 9. Let p be b(6). Suppose 0 - 3 = -x. Suppose -x*s = -0*s - p. Let n(i) = -3*i - 1. Determine n(s).
-10
Let k(b) be the third derivative of -b**6/120 + b**5/30 + b**3/3 + 2*b**2. Give k(3).
-7
Let n(m) = -m. Let k be (-6)/21 + 33/(-7). Calculate n(k).
5
Suppose -4*m = 35 - 19. Let f(j) = -j**3 - 6*j**2 - 6*j - 1. Calculate f(m).
-9
Suppose -5*y - 22 = -o, 4*o = o - 3*y - 24. Let r(m) = -m + 5. Let v be r(5). Let t(d) = -2*d - 2 + 4*d + v. Calculate t(o).
-8
Let q(i) be the third derivative of -i**6/60 - i**5/30 + i**4/12 + 14*i**2. What is q(-2)?
4
Let i(q) = q**3 + 0*q**3 - 10*q + 7*q + 1 + 6*q. Determine i(-2).
-13
Let i = 9 + -3. Let t(h) = 1 - i*h**2 - 3*h + 5*h**2 - 3. Calculate t(-4).
-6
Let c(q) = -q - 3. Let u(p) = p